s 44044264 - 5?
44044256
In base 9, what is -22330 + -13128?
-35458
In base 12, what is -322351a - 39?
-3223557
In base 6, what is 114343 - -304252?
423035
In base 7, what is -155 + 322524?
322336
In base 16, what is -8c + -a3a1?
-a42d
In base 7, what is 3455151535 - -4?
3455151542
In base 3, what is -2202 + -122222220002002?
-122222220011211
In base 14, what is 63 - 2455089?
-2455026
In base 16, what is 2eaef - -16?
2eb05
In base 5, what is 101032142 + 1003?
101033200
In base 5, what is 14213204231 - -3?
14213204234
In base 11, what is 98 + 860536?
860623
In base 6, what is -10 + -512132015?
-512132025
In base 4, what is 21002331 - 11?
21002320
In base 14, what is -3871 + cc9?
-2986
In base 11, what is 8 + 1669978?
1669985
In base 3, what is 1220 - 101202102000202?
-101202101221212
In base 12, what is 620407 - -53?
62045a
In base 15, what is 4d66bdd + 3?
4d66be1
In base 15, what is -1082 + b2e?
-453
In base 13, what is -997293b + 3?
-9972938
In base 14, what is -1494c + -1c65?
-167b3
In base 3, what is -1 + -1011120200102201?
-1011120200102202
In base 14, what is -48aa7 + 76?
-48a31
In base 5, what is -3 - 1101324211?
-1101324214
In base 3, what is 11221012 + 2211120?
21202202
In base 2, what is -1101010010 - -100111000100110?
100101011010100
In base 14, what is b18741 - -c?
b1874d
In base 4, what is -213 - 123113311?
-123120130
In base 3, what is -1001121202202012 - -100?
-1001121202201212
In base 7, what is 3453 - 2120?
1333
In base 13, what is 1a9963a6 + -2?
1a9963a4
In base 15, what is 13 + 14e038?
14e04b
In base 3, what is -2 - -11010121200010?
11010121200001
In base 6, what is -33 - 251044122?
-251044155
In base 11, what is -706377 - -5?
-706372
In base 11, what is -8 + -1488a642?
-1488a64a
In base 7, what is -10523 + -251535?
-262361
In base 3, what is 1111001 - 200222?
210002
In base 13, what is 2 - 8481358?
-8481356
In base 3, what is -20010200020 + -1002202?
-20011202222
In base 11, what is -100570975 - -2?
-100570973
In base 11, what is 2 - -9131107?
9131109
In base 7, what is -46214 + -304?
-46521
In base 5, what is 2120 - 111424212?
-111422042
In base 6, what is 4 + 23350004211?
23350004215
In base 4, what is -3 + -11022122230?
-11022122233
In base 11, what is -136a + 1705?
346
In base 8, what is 3143075 + -2?
3143073
In base 11, what is -1356 + -2752?
-3aa8
In base 5, what is -112000 + 13100?
-43400
In base 15, what is 1acec + a?
1ad07
In base 9, what is 1851866 + 78?
1852055
In base 9, what is 84 - -15282041?
15282135
In base 13, what is -15246 + 388?
-14b8b
In base 4, what is 11 - 3121011222?
-3121011211
In base 8, what is -304 - -205004?
204500
In base 9, what is -872 - 6351?
-7333
In base 2, what is 10100100000011100110 - -110?
10100100000011101100
In base 12, what is 3b0a8 + -12?
3b096
In base 10, what is 334573 + -7?
334566
In base 5, what is 4232101 + 404133?
10141234
In base 15, what is 2656 - -2a?
2681
In base 3, what is -200100020111102 + -122?
-200100020112001
In base 10, what is 1134636723 - 2?
1134636721
In base 11, what is 105722 + -16?
105707
In base 3, what is -1011112 - 22002022?
-100020211
In base 8, what is -174112327 - 7?
-174112336
In base 7, what is -323 - -3001434?
3001111
In base 15, what is -46a734 + -8?
-46a73c
In base 3, what is -1111 + 12210220100120?
12210220022002
In base 16, what is -2 - 644931?
-644933
In base 2, what is -10101110101100101 - 110?
-10101110101101011
In base 4, what is 1233333 - -133100?
2033033
In base 3, what is -2100210122 + -2100111?
-2110011010
In base 12, what is -4ab5 - -791a?
2a25
In base 12, what is -3b8ab7 + 2?
-3b8ab5
In base 12, what is -119190 + 3?
-119189
In base 14, what is -173a + 4880?
3144
In base 15, what is 18 - a54347?
-a5432e
In base 2, what is 101100011111000101 + 1001111?
101100100000010100
In base 6, what is -5 - 113352143?
-113352152
In base 6, what is 5342 + -30041445?
-30032103
In base 2, what is 101 + 1010011110101100101110?
1010011110101100110011
In base 14, what is 82da0 - -2?
82da2
In base 2, what is 1110001111011 + -10001000111?
1100000110100
In base 14, what is -528c4d2 + 4?
-528c4cc
In base 11, what is -1725 + 98156?
96531
In base 6, what is -5303324 + -50?
-5303414
In base 7, what is 3666131 - -100?
3666231
In base 2, what is -11 - -11001011011000011000000?
11001011011000010111101
In base 14, what is 4cc - -8b44?
9232
In base 14, what is -1c0a - 1cb?
-1dd7
In base 16, what is 682093 + -4?
68208f
In base 12, what is 2ba3598 + -5?
2ba3593
In base 2, what is -110010000 - 1000111010110100?
-1001000001000100
In base 15, what is -1d + -2bb040?
-2bb05d
In base 8, what is 410601 + -1031?
407550
In base 3, what is 2 + -1002001222222112?
-1002001222222110
In base 14, what is -166b + -26a?
-18d7
In base 7, what is 4 - -433414122?
433414126
In base 11, what is -22048516 + 5?
-22048511
In base 6, what is -253534010 + 35?
-253533531
In base 2, what is 1000010100110110010111 + -1001?
1000010100110110001110
In base 11, what is -5626889 - -5?
-5626884
In base 5, what is 12121 + -2313110?
-2300434
In base 16, what is -27711 + 1b?
-276f6
In base 8, what is 0 - -137555164?
137555164
In base 4, what is -2 - -31300312223?
31300312221
In base 6, what is -3530503 + -1?
-3530504
In base 8, what is 453354 + 144?
453520
In base 5, what is -1413412222 - 10?
-1413412232
In base 11, what is 466366 + -22?
466344
In base 3, what is 120021020011202 - -10101?
120021020022010
In base 8, what is 26 + -16717130?
-16717102
In base 4, what is 2 + -332110023212?
-332110023210
In base 10, what is 116452 + 454?
116906
In base 11, what is -228a200 + -1?
-228a201
In base 5, what is 2041 + 2410123?
2412214
In base 5, what is -1330 - 1033444?
-1040324
In base 14, what is a04 + 718c?
7b92
In base 2, what is 111010111010001 + 10001010101010?
1001100001111011
In base 2, what is 101101101 - 111101101011?
-110111111110
In base 5, what is 24034343423 - 30?
24034343343
In base 15, what is dcd48 + -5?
dcd43
In base 7, what is -12530104463 + -5?
-12530104501
In base 16, what is -972a09 - 6?
-972a0f
In base 8, what is 1 + -36637251?
-36637250
In base 16, what is cd - -2739?
2806
In base 3, what is 2120002102 + -212100?
2112020002
In base 6, what is -2515211 + 3441?
-2511330
In base 6, what is 104343 + -55350?
4553
In base 16, what is -3f0 - -d4229?
d3e39
In base 10, what is -2 - 7086510?
-7086512
In base 13, what is -1 + -6c4419?
-6c441a
In base 12, what is -3 + 242166b9?
242166b6
In base 14, what is 5677ca - -a2?
56788c
In base 11, what is a04a2 - 299?
a0204
In base 5, what is 333 + -3403413311?
-3403412423
In base 5, what is -12224204 + 20200?
-12204004
In base 13, what is 64070 - 43?
6402a
In base 11, what is -1850176a2 + -3?
-1850176a5
In base 2, what is 1010001101 + 1111000100101111?
1111001110111100
In base 9, what is -45835 + 74?
-45751
In base 3, what is 12000201 + -100000102?
-10222201
In base 5, what is -22330342440 - 24?
-22330343014
In base 14, what is -2d + 2d47d7?
2d47a8
In base 4, what is 1021332003323 - 11?
1021332003312
In base 7, what is 33030 - -162?
33222
In base 3, what is 11001 - -22021002221?
22021020222
In base 10, what is -567776 - 18?
-567794
In base 16, what is c - -cb268?
cb274
In base 16, what is -4f + -4e6f9?
-4e748
In base 4, what is 3300320133 + 1?
3300320200
In base 13, what is -13 - 19802c6?
-1980309
In base 11, what is -4 - -22296139?
22296135
In base 8, what is -771 - 264207?
-265200
In base 2, what is -100100100101010001 - 101?
-100100100101010110
In base 3, what is 1102111021221 - -1021?
1102111100012
In base 9, what is -14304 - -8205?
-5088
In base 15, what is 12 + 60c92?
60ca4
In base 14, what is -b72 - 344dd?
-35271
In base 11, what is 742737 - -363?
742a9a
In base 12, what is 77b7 + -72a?
7089
In base 5, what is 110314303230 - -4?
110314303234
In base 12, what is 1983 - -2392?
4155
In base 3, what is 10200210212112011 + 0?
10200210212112011
In base 15, what is 2 + 37d93cb?
37d93cd
In base 16, what is 8da + -1be5a?
-1b580
In base 15, what is 96e153 - -8?
96e15b
In base 11, what is 1315 - -4a5?
180a
In base 15, what is 4 + 3152aa?
3152ae
In base 11, what is 18a41180 - -4?
18a41184
In base 4, what is 1030313203303 - 1?
1030313203302
In base 9, what is -28660245 + 0?
-28660245
In base 9, what is -21 - -57667?
57646
In base 4, what is 13232211 + 10210?
13303021